 -2*y - 1002 = 2*q, -5*q - y = 2160 + 361. Let p = q + 743. What is the units digit of p?
8
Suppose -3*l + 4*b - 2 = 6, -2*b - 6 = -4*l. Suppose l*m + 7*m = 0. Suppose 0*q - q - 5*r + 32 = m, 3*q + r = 110. What is the tens digit of q?
3
Let u = -74 - -79. Suppose -w = 10*f - 14*f - 925, -w + 922 = -u*f. What is the hundreds digit of w?
9
Suppose 3*b - 186 = -576. Let z = 887 + b. Suppose -13*j + z = -1440. What is the units digit of j?
9
What is the units digit of (-52 + 59 + 96279/(-2))*6/(-5)?
9
Suppose 15 = 5*r, -2*v - v = 4*r - 75. Suppose n + 1 = v. Suppose l = n + 59. What is the units digit of l?
9
Let c(w) = 9*w**2 - 56*w - 3*w**2 + 16 + 49*w + 3*w**2. What is the hundreds digit of c(8)?
5
Suppose -99*j = -102*j + 9. Suppose 5*w - 1097 = -2*v, j*w + 3*v + 1117 = 8*w. What is the hundreds digit of w?
2
Let t = -18 + 18. Suppose -3*i + 2*m + 231 = t, 2*i - 83 - 84 = -3*m. Let y = -19 + i. What is the tens digit of y?
6
What is the hundreds digit of 1 - 8 - (-1384 + 88)?
2
Suppose 4*d - 1051 = -195. Suppose -c = 4, 2*l + 3*c = 108 + d. Suppose -5*f + g + l = -g, -4*f + 3*g + 128 = 0. What is the tens digit of f?
3
Let b(g) = g**2 - g. Let c(p) be the third derivative of -p**5/12 + 5*p**4/8 + 5*p**3/6 + 18*p**2. Let o(f) = 4*b(f) + c(f). What is the units digit of o(10)?
5
Let b(t) = -106*t**3 + 12*t**2 + 7*t - 14. What is the thousands digit of b(-4)?
6
Let q = 14817 + -9940. What is the tens digit of q?
7
Suppose 5*f = -3*r + 4524 + 677, 1745 = r - 4*f. What is the tens digit of r?
3
What is the thousands digit of ((-72)/(-27))/(3/18126)?
6
Suppose 0 = u + 2*u + 66. Let z = 14903 - 18135. What is the units digit of z/u - 1/(-11)?
7
What is the hundreds digit of 11/(-154) - 1112815/(-154)?
2
Let f be 0 - 1 - -4 - -1. Suppose 5*q + 859 = j, -2*q - 3*j + 341 = -f*q. Let x = q - -276. What is the tens digit of x?
0
Suppose 3*u - 1611 = -3*v, 5*u - 9*u = -3*v + 1583. What is the hundreds digit of v?
5
Suppose -9022 = -22*y + 15684. Let d = y + -524. What is the hundreds digit of d?
5
Let k(x) = -x**3 + 5*x**2 + 6*x + 3. Let a be k(6). Let p be (a + (-33)/6)*-2. Suppose 0 = -5*n - 15, -3*q + 15 + 6 = -p*n. What is the units digit of q?
2
Let w(n) = 242*n**2 - 9*n + 5. What is the hundreds digit of w(-3)?
2
Let a = 13 + -7. Suppose -4*r = -a*r - 2*r. Suppose -6*q + 948 - 228 = r. What is the hundreds digit of q?
1
Let c(n) = n**3 - 13*n**2 - 11*n - 11. Let r be c(14). Let j be (0 + -4)/(-4)*(192 + -1). Let v = j - r. What is the units digit of v?
0
Let y be 18/6 + -4 + 4. Let h be (-4804)/(-20) + (-2)/10. Suppose h = c + y*c. What is the units digit of c?
0
Suppose -10 = 3*j - p, 3*j + 9*p - 14*p + 14 = 0. What is the units digit of 572 + 6 + (2*j)/3?
6
Suppose 0 = -5*v - 5*x - 315, v - 4*v - 210 = -4*x. Let c = 926 - 1033. Let a = v - c. What is the units digit of a?
1
Let n(h) = -2*h + 15. Let s = -7 - -17. Let u be n(s). What is the tens digit of 15*(-12)/(15/u)?
6
Let d(q) = -119*q + 18. Let h be d(5). Let m = h + 908. What is the tens digit of m?
3
Let h = 3 + -1. Let c(d) = -38*d**3 + 20*d**2 + 7*d + 9. Let n(j) = -25*j**3 + 13*j**2 + 4*j + 6. Let q(w) = 5*c(w) - 8*n(w). What is the units digit of q(h)?
7
Let w = 79 + -79. Suppose -190 = -3*a + x, -a - x + 62 = -w*x. What is the hundreds digit of 4 + -8*a/(-3)?
1
Let f(l) = -156*l**2 + 3*l - 3. Let m(w) = 155*w**2 - 4*w + 4. Suppose -4*u + 10 = -6*u. Let z(k) = u*m(k) - 6*f(k). What is the units digit of z(1)?
1
Suppose 0 = 3*v - 9, -4*j - 4 = -5*v + v. Suppose j*k - 70 = 3*k. Let w = -45 - k. What is the tens digit of w?
2
Suppose -76*r - 5366 - 5020 - 558 = 0. Let o(h) = -103*h + 1. Let y be o(2). Let a = r - y. What is the tens digit of a?
6
Let t(m) = m**3 + 54*m**2 - 78*m - 78. What is the units digit of t(-54)?
4
Let o = 24077 + -8333. What is the thousands digit of o?
5
Suppose -w - 12 = 2*w. Let q(d) be the second derivative of -d**3/3 + 12*d**2 - 3*d - 91. What is the tens digit of q(w)?
3
Let t be (7/7)/(5/10). Suppose -t*l - 3*k + 1492 = 0, 11*k - 2984 = -4*l + 6*k. What is the hundreds digit of l?
7
Suppose -6*j + 90 - 30 = 0. Suppose -j*n + 581 + 1809 = 0. What is the units digit of n?
9
Suppose 44189 = 12*g - 17803. What is the tens digit of g?
6
Let n = 31 + -15. Let p(h) = h**2 - 8*h - 66. What is the units digit of p(n)?
2
Let n(s) = -4*s - 15. Suppose -3*z + 33 = -3*o, 3*z - 7*z = 3*o - 2. What is the units digit of n(o)?
9
Let z(g) = -113*g - 57. Let q be z(-5). Suppose -3*k + 508 = -6*m + 8*m, 2*k = -2*m + q. What is the hundreds digit of m?
2
Let t = 20 - 5. Suppose -5*a = -5*o + 30, 13*o - 9*o + 4*a = 0. Suppose o*v = 0, t = g - 3*v + 2*v. What is the units digit of g?
5
Suppose 60*p - 114967 = 66713. Suppose 3*t + 0*i - i - 2271 = 0, 4*i + p = 4*t. What is the hundreds digit of t?
7
Suppose d + 4*h - h - 55 = 0, -d - h + 55 = 0. Suppose -34 = 3*a - d. Suppose 6*q = a*q - 42. What is the tens digit of q?
4
Let h(o) = -5*o - 2. Let f be h(2). Let z = f - -21. Suppose -2*p = -z*p + 812. What is the units digit of p?
6
Let l = -119 + 231. Let m = l - -192. Suppose -43*x = -41*x - m. What is the units digit of x?
2
What is the thousands digit of ((-12)/(-1))/((-20)/(-16190))?
9
Let m be 6 - 950/80 - 1/8. Suppose s - 1790 + 7175 = 0. What is the units digit of m/8 - s/60 - -1?
0
Let p = -3019 - -3603. What is the hundreds digit of p?
5
Let s = 81 + 137. Suppose 192 = -2*r + 5*p, 22*r + 324 = 18*r - 5*p. Let l = r + s. What is the tens digit of l?
3
Let q = 124 + -116. Suppose q*j = -4*j + 6240. What is the units digit of j?
0
Let z = -21 + 24. Let x(n) = -n**3 + 4*n**2 + 3*n - 4. Let a(k) = -2*k**3 + 7*k**2 + 5*k - 7. Let i(j) = -4*a(j) + 7*x(j). What is the units digit of i(z)?
0
Let m = 179 + -176. Suppose m*k - 78 = -3*b - 0*b, 130 = 5*b + k. What is the tens digit of b?
2
Let k = 58 - 51. Suppose 3*p + 4 - k = 0. What is the tens digit of p/((-1)/(1 + -84))?
8
Suppose 0 = 11*p - 360998 - 68517 - 265542. What is the hundreds digit of p?
1
Let g = -11 - -18. Suppose 0 = g*q - q. Suppose q = -2*d - d + 201. What is the tens digit of d?
6
Let g be (8/(-10))/(4/(-10)). Suppose 2*l = -3*o + 7, 0*o + 12 = 4*o + g*l. Let b(j) = -2*j**3 + 10*j**2 + 6. What is the units digit of b(o)?
6
Suppose 7 + 2 = 3*g, 11 = 4*k + 5*g. Let s(n) = 61*n**2 + 6*n + 4. Let v be s(k). Suppose -5*f + 111 = -v. What is the tens digit of f?
3
Let w(i) be the first derivative of -17*i**3/3 - 3*i**2/2 + 23*i - 20. Let r(o) be the first derivative of w(o). What is the units digit of r(-2)?
5
Let t(a) = -7*a. Let u(d) = -8*d + 1. Let z(p) = -2*t(p) + 3*u(p). Let q be z(-1). What is the units digit of 16 - q - (-1 + 1)?
3
Let j(f) = 11*f + 31 - 61*f + 16*f + 17*f. What is the hundreds digit of j(-27)?
4
Let f(s) = -22*s**2 + 89*s**3 + 32 - 32*s - 88*s**3 + 32 + 74*s. What is the units digit of f(20)?
4
Suppose 955560 = 158*v - 143*v. What is the units digit of v?
4
Let c = -6213 - -11018. What is the hundreds digit of c?
8
Let l be (-3430)/(-28)*4/(-2). Let y = 147 - l. What is the units digit of y?
2
Let b(w) = -12*w**3 + 126*w - 3. What is the hundreds digit of b(-9)?
6
Let p = 8949 + -5800. What is the tens digit of p?
4
Let i = -1043 - -2867. Suppose i = 2*t - 2*q - 574, -5*t + 5999 = -4*q. What is the thousands digit of t?
1
Suppose -7*n + 22*n - 33750 = 0. Suppose -8*h = -14*h + n. What is the hundreds digit of h?
3
Let r(t) be the second derivative of 229*t**4/4 - t**3/2 - t**2/2 - 36*t. What is the hundreds digit of r(-1)?
6
Let y = 45 - 66. Let h be y*35/(-15) - 1. Suppose 0 = 3*v - 0 - h. What is the units digit of v?
6
Let v(q) = 20*q**2 + 2186*q + 151. What is the hundreds digit of v(-125)?
4
Suppose 5*m = -30, 0 = t + 4*m - 2739 - 1621. What is the tens digit of t?
8
Let v = 202 - 183. Suppose -16*z + 2310 = v*z. What is the units digit of z?
6
Suppose 23*c - 26*c + 4*x + 19802 = 0, -12 = -3*x. What is the units digit of c?
6
Suppose 5*g + 13372 = -2*c, g = 4*g - c + 8021. What is the units digit of (-4 + g/(-21))*(-9)/(-2)?
5
Suppose -2*z + q = 7, 21 = -3*z + 2*z - 3*q. Let i = 3 + z. Let u(p) = -5*p**3 + p**2 + 3*p - 7. What is the tens digit of u(i)?
2
Suppose 0 = 1354*x - 1270*x - 270060. What is the hundreds digit of x?
2
Suppose 23 = 2*a + 5*q, -q + 20 = 3*a - 21. Suppose 0 = -a